{"id":90,"date":"2024-03-24T17:51:36","date_gmt":"2024-03-24T17:51:36","guid":{"rendered":"https:\/\/emmssart.de\/?page_id=90"},"modified":"2024-06-15T11:21:58","modified_gmt":"2024-06-15T09:21:58","slug":"preisubersicht","status":"publish","type":"page","link":"https:\/\/emmssart.de\/?page_id=90","title":{"rendered":"Preis\u00fcbersicht"},"content":{"rendered":"\n<p class=\"has-text-align-left\">Die Preise variieren je nach Fotoqualit\u00e4t, Schwierigkeit und Anzahl der Motive.<\/p>\n\n\n\n<p>Weitere Gr\u00f6\u00dfen und Motive nach Absprache, kontaktieren Sie mich gerne und ich berate Sie.<\/p>\n\n\n\n<p>Als Bestandskunde gibts ab dem dritten Auftrag dauerhaft 10% STAMMKUNDENRABATT. <\/p>\n\n\n\n<div class=\"wp-block-buttons is-content-justification-center is-layout-flex wp-container-core-buttons-is-layout-a89b3969 wp-block-buttons-is-layout-flex\">\n<div class=\"wp-block-button\"><a class=\"wp-block-button__link has-text-align-center wp-element-button\" href=\"https:\/\/emmssart.de\/?page_id=141\" target=\"_blank\" rel=\"noreferrer noopener\">Kontakt<\/a><\/div>\n<\/div>\n\n\n\n<div class=\"wp-block-media-text alignwide is-stacked-on-mobile\" style=\"grid-template-columns:29% auto\"><figure class=\"wp-block-media-text__media\"><img loading=\"lazy\" decoding=\"async\" width=\"1024\" height=\"1024\" src=\"https:\/\/emmssart.de\/wp-content\/uploads\/2024\/03\/Picsart_23-11-26_21-10-58-295-edited-2-1024x1024.jpg\" alt=\"\" class=\"wp-image-235 size-full\" srcset=\"https:\/\/emmssart.de\/wp-content\/uploads\/2024\/03\/Picsart_23-11-26_21-10-58-295-edited-2-1024x1024.jpg 1024w, https:\/\/emmssart.de\/wp-content\/uploads\/2024\/03\/Picsart_23-11-26_21-10-58-295-edited-2-300x300.jpg 300w, https:\/\/emmssart.de\/wp-content\/uploads\/2024\/03\/Picsart_23-11-26_21-10-58-295-edited-2-150x150.jpg 150w, https:\/\/emmssart.de\/wp-content\/uploads\/2024\/03\/Picsart_23-11-26_21-10-58-295-edited-2-768x768.jpg 768w, https:\/\/emmssart.de\/wp-content\/uploads\/2024\/03\/Picsart_23-11-26_21-10-58-295-edited-2-1536x1536.jpg 1536w, https:\/\/emmssart.de\/wp-content\/uploads\/2024\/03\/Picsart_23-11-26_21-10-58-295-edited-2-2048x2048.jpg 2048w\" sizes=\"auto, (max-width: 1024px) 100vw, 1024px\" \/><\/figure><div class=\"wp-block-media-text__content\">\n<p>Meine Preise f\u00fcr eine Kohle oder Graphit Tierzeichnung.<\/p>\n\n\n\n<figure class=\"wp-block-table\"><table><tbody><tr><td><\/td><td>Ein Motiv<\/td><td>Zwei Motive<\/td><\/tr><tr><td>A5 (14,8 x 21cm)<\/td><td>40-70\u20ac<\/td><td>60-90\u20ac<\/td><\/tr><tr><td>A4 (21 x 29,7cm)<\/td><td>90-140\u20ac<\/td><td>110-160\u20ac<\/td><\/tr><tr><td>A3 (29,7 x 42cm)<\/td><td>ab 200\u20ac<\/td><td>ab 260\u20ac<\/td><\/tr><\/tbody><\/table><\/figure>\n\n\n\n<p><\/p>\n<\/div><\/div>\n\n\n\n<div class=\"wp-block-media-text alignwide is-stacked-on-mobile\" style=\"grid-template-columns:29% auto\"><figure class=\"wp-block-media-text__media\"><img loading=\"lazy\" decoding=\"async\" width=\"1024\" height=\"1024\" src=\"https:\/\/emmssart.de\/wp-content\/uploads\/2024\/03\/Florus-Zeichnung-2020-1024x1024.png\" alt=\"\" class=\"wp-image-209 size-full\" srcset=\"https:\/\/emmssart.de\/wp-content\/uploads\/2024\/03\/Florus-Zeichnung-2020-1024x1024.png 1024w, https:\/\/emmssart.de\/wp-content\/uploads\/2024\/03\/Florus-Zeichnung-2020-300x300.png 300w, https:\/\/emmssart.de\/wp-content\/uploads\/2024\/03\/Florus-Zeichnung-2020-150x150.png 150w, https:\/\/emmssart.de\/wp-content\/uploads\/2024\/03\/Florus-Zeichnung-2020-768x767.png 768w, https:\/\/emmssart.de\/wp-content\/uploads\/2024\/03\/Florus-Zeichnung-2020.png 1502w\" sizes=\"auto, (max-width: 1024px) 100vw, 1024px\" \/><\/figure><div class=\"wp-block-media-text__content\">\n<p>Meine Preise f\u00fcr ein Tierportrait mit Buntstift gezeichnet. <\/p>\n\n\n\n<figure class=\"wp-block-table\"><table><tbody><tr><td><\/td><td>Ein Motiv<\/td><td>Zwei Motive<\/td><\/tr><tr><td>A5 (14,8 x 21cm)<\/td><td>70-100\u20ac<\/td><td>90-120\u20ac<\/td><\/tr><tr><td>A4 (21 x 29,7cm)<\/td><td>120-170\u20ac<\/td><td>140-190\u20ac<\/td><\/tr><tr><td>A3 (29,7 x 42cm)<\/td><td>ab 250\u20ac<\/td><td>ab 300\u20ac<\/td><\/tr><\/tbody><\/table><\/figure>\n<\/div><\/div>\n\n\n\n<div class=\"wp-block-media-text alignwide is-stacked-on-mobile\" style=\"grid-template-columns:29% auto\"><figure class=\"wp-block-media-text__media\"><img loading=\"lazy\" decoding=\"async\" width=\"1021\" height=\"1024\" src=\"https:\/\/emmssart.de\/wp-content\/uploads\/2024\/03\/Screenshot-2024-03-25-191204-1021x1024.png\" alt=\"\" class=\"wp-image-164 size-full\" srcset=\"https:\/\/emmssart.de\/wp-content\/uploads\/2024\/03\/Screenshot-2024-03-25-191204-1021x1024.png 1021w, https:\/\/emmssart.de\/wp-content\/uploads\/2024\/03\/Screenshot-2024-03-25-191204-300x300.png 300w, https:\/\/emmssart.de\/wp-content\/uploads\/2024\/03\/Screenshot-2024-03-25-191204-150x150.png 150w, https:\/\/emmssart.de\/wp-content\/uploads\/2024\/03\/Screenshot-2024-03-25-191204-768x770.png 768w, https:\/\/emmssart.de\/wp-content\/uploads\/2024\/03\/Screenshot-2024-03-25-191204.png 1438w\" sizes=\"auto, (max-width: 1021px) 100vw, 1021px\" \/><\/figure><div class=\"wp-block-media-text__content\">\n<p>Meine Preise f\u00fcr ein Graphit oder Kohle Menschenportrait. <\/p>\n\n\n\n<figure class=\"wp-block-table\"><table><tbody><tr><td><\/td><td>Ein Motiv<\/td><td>Zwei Motive<\/td><\/tr><tr><td>A5 (14,8 x 21cm)<\/td><td>100-130\u20ac<\/td><td>\/<\/td><\/tr><tr><td>A4 (21 x 29,7cm)<\/td><td>150-200\u20ac<\/td><td>170-220\u20ac<\/td><\/tr><tr><td>A3 (29,7 x 42cm)<\/td><td>ab 300\u20ac<\/td><td>ab 360\u20ac<\/td><\/tr><\/tbody><\/table><\/figure>\n<\/div><\/div>\n\n\n\n<p>Mindestens 50% des Preises m\u00fcssen \u00fcberwiesen werden, bevor ich mit der Zeichnung beginne. Ich halte Sie durchg\u00e4ngig auf dem Laufenden und wenn ich fertig bin, schicke ich ein finales Bild von der Zeichnung und wenn keine Korrekturen get\u00e4tigt werden sollen, werden die restlichen 50% + Versand \u00fcberwiesen.<\/p>\n\n\n\n<p>Bezahlung per \u00dcberweisung, Paypal oder bei Abholung in 82065 bar.<\/p>\n","protected":false},"excerpt":{"rendered":"<p>Die Preise variieren je nach Fotoqualit\u00e4t, Schwierigkeit und Anzahl der Motive. Weitere Gr\u00f6\u00dfen und Motive nach Absprache, kontaktieren Sie mich gerne und ich berate Sie. Als Bestandskunde gibts ab dem dritten Auftrag dauerhaft 10% STAMMKUNDENRABATT. Meine Preise f\u00fcr eine Kohle oder Graphit Tierzeichnung. Ein Motiv Zwei Motive A5 (14,8 x 21cm) 40-70\u20ac 60-90\u20ac A4 (21 [&hellip;]<\/p>\n","protected":false},"author":2,"featured_media":0,"parent":0,"menu_order":0,"comment_status":"closed","ping_status":"closed","template":"","meta":{"footnotes":""},"class_list":["post-90","page","type-page","status-publish","hentry"],"_links":{"self":[{"href":"https:\/\/emmssart.de\/index.php?rest_route=\/wp\/v2\/pages\/90","targetHints":{"allow":["GET"]}}],"collection":[{"href":"https:\/\/emmssart.de\/index.php?rest_route=\/wp\/v2\/pages"}],"about":[{"href":"https:\/\/emmssart.de\/index.php?rest_route=\/wp\/v2\/types\/page"}],"author":[{"embeddable":true,"href":"https:\/\/emmssart.de\/index.php?rest_route=\/wp\/v2\/users\/2"}],"replies":[{"embeddable":true,"href":"https:\/\/emmssart.de\/index.php?rest_route=%2Fwp%2Fv2%2Fcomments&post=90"}],"version-history":[{"count":19,"href":"https:\/\/emmssart.de\/index.php?rest_route=\/wp\/v2\/pages\/90\/revisions"}],"predecessor-version":[{"id":614,"href":"https:\/\/emmssart.de\/index.php?rest_route=\/wp\/v2\/pages\/90\/revisions\/614"}],"wp:attachment":[{"href":"https:\/\/emmssart.de\/index.php?rest_route=%2Fwp%2Fv2%2Fmedia&parent=90"}],"curies":[{"name":"wp","href":"https:\/\/api.w.org\/{rel}","templated":true}]}}