{"id":322,"date":"2024-04-03T19:44:46","date_gmt":"2024-04-03T19:44:46","guid":{"rendered":"https:\/\/emmssart.de\/?page_id=322"},"modified":"2024-04-22T08:51:22","modified_gmt":"2024-04-22T08:51:22","slug":"auftragsabwicklung","status":"publish","type":"page","link":"https:\/\/emmssart.de\/?page_id=322","title":{"rendered":"Auftragsabwicklung"},"content":{"rendered":"\n<p class=\"has-large-font-size\"><strong>Sie wollen einen handgezeichneten, individuellen Auftrag? &#8211; So l\u00e4ufts ab:<\/strong> <\/p>\n\n\n\n<h2 class=\"wp-block-heading\">Schritt 1<\/h2>\n\n\n\n<div class=\"wp-block-media-text is-stacked-on-mobile\" style=\"grid-template-columns:34% auto\"><figure class=\"wp-block-media-text__media\"><img loading=\"lazy\" decoding=\"async\" width=\"1024\" height=\"1024\" src=\"https:\/\/emmssart.de\/wp-content\/uploads\/2024\/04\/Picsart_24-04-09_23-29-07-855-1024x1024.jpg\" alt=\"\" class=\"wp-image-339 size-full\" srcset=\"https:\/\/emmssart.de\/wp-content\/uploads\/2024\/04\/Picsart_24-04-09_23-29-07-855-1024x1024.jpg 1024w, https:\/\/emmssart.de\/wp-content\/uploads\/2024\/04\/Picsart_24-04-09_23-29-07-855-300x300.jpg 300w, https:\/\/emmssart.de\/wp-content\/uploads\/2024\/04\/Picsart_24-04-09_23-29-07-855-150x150.jpg 150w, https:\/\/emmssart.de\/wp-content\/uploads\/2024\/04\/Picsart_24-04-09_23-29-07-855-768x768.jpg 768w, https:\/\/emmssart.de\/wp-content\/uploads\/2024\/04\/Picsart_24-04-09_23-29-07-855-1536x1536.jpg 1536w, https:\/\/emmssart.de\/wp-content\/uploads\/2024\/04\/Picsart_24-04-09_23-29-07-855-2048x2048.jpg 2048w\" sizes=\"auto, (max-width: 1024px) 100vw, 1024px\" \/><\/figure><div class=\"wp-block-media-text__content\">\n<p>Wenn Sie schon eine genaue Fotovorlage im Kopf haben, schicken Sie mir die gerne. Wenn nicht, schicken Sie mir so viele wie Sie wollen, ich berate Sie gerne und helfe Ihnen bei der Entscheidung.<\/p>\n<\/div><\/div>\n\n\n\n<p>Auf Wunsch kann ich gegen Bezahlung zu Ihnen nach Hause fahren und selber passende Fotos von Ihrem Tier machen, falls Sie in M\u00fcnchner Umgebung wohnen.<\/p>\n\n\n\n<h2 class=\"wp-block-heading\">Schritt 2 <\/h2>\n\n\n\n<p>Schauen Sie sich meine Galerie und Preisliste an und wenn Sie sich entschieden haben, schicken Sie mir eine Nachricht mit den folgenden Informationen:<\/p>\n\n\n\n<ul class=\"wp-block-list\">\n<li>Name und Adresse (f\u00fcr die sp\u00e4tere Zustellung des Bildes)<\/li>\n\n\n\n<li>Ein oder mehrere Motive<\/li>\n\n\n\n<li>Fotovorlage \/ gew\u00fcnschtes Motiv<\/li>\n\n\n\n<li>Mit oder ohne Hintergrund, was f\u00fcr ein Hintergrund<\/li>\n\n\n\n<li>Medium (Bleistift, Bunstift, Pastell, Acryl Gem\u00e4lde)<\/li>\n\n\n\n<li>Gr\u00f6\u00dfe<\/li>\n<\/ul>\n\n\n\n<p>Nachdem Sie mir diese Informationen geschickt haben, besprechen wir den Auftrag und Ihre Vorstellungen ganz genau.<\/p>\n\n\n\n<p>Wenn Sie Unsicherheiten haben oder Hilfe brauchen, kontaktieren Sie mich und ich berate Sie gerne!<\/p>\n\n\n\n<div class=\"wp-block-buttons is-layout-flex wp-block-buttons-is-layout-flex\">\n<div class=\"wp-block-button\"><a class=\"wp-block-button__link wp-element-button\" href=\"https:\/\/emmssart.de\/?page_id=3\">Galerie <\/a><\/div>\n\n\n\n<div class=\"wp-block-button\"><a class=\"wp-block-button__link wp-element-button\" href=\"https:\/\/emmssart.de\/?page_id=90\">Preisliste<\/a><\/div>\n<\/div>\n\n\n\n<h2 class=\"wp-block-heading\">Schritt 3 &#8211; Auftrag in Bearbeitung!!<\/h2>\n\n\n\n<p>Nachdem wir Ihre W\u00fcnsche gekl\u00e4rt haben, berechne ich den finalen Preis der Zeichnung. Mindestens 50% des Preises werden \u00fcberwiesen vor Beginn des Zeichnens. Alternativ k\u00f6nnen Sie schon den gesamten Preis im Vorhinein zahlen. Dann kann Ihre Zeichnung angefertigt werden!<\/p>\n\n\n\n<p>W\u00e4hrend des gesamten Zeichenvorgangs schicke ich Ihnen immer wieder Bilder von dem aktuellen Status der Zeichnung, damit Sie immer auf dem Laufenden sind und die Zeichnung so wird, wie Sie es sich vorstellen.<\/p>\n\n\n\n<p>Sobald die Zeichnung fertig ist, schicke ich Ihnen nochmal ein finales Foto und Sie haben eine letzte Chance, mir noch \u00c4nderungsw\u00fcnsche zu geben. Danach werden die restlichen 50% plus der Versand \u00fcberwiesen und das Bild wird nach Geldeingang zur Post gebracht. Wenige Tage sp\u00e4ter ist Ihre individuelle und einzigartige Zeichnung bei Ihnen Zuhause!<\/p>\n\n\n\n<h2 class=\"wp-block-heading\">Weitere Infos : <\/h2>\n\n\n\n<p>ZAHLUNG:<\/p>\n\n\n\n<p>Sie k\u00f6nnen per Paypal oder \u00dcberweisung zahlen. Falls Sie s\u00fcdlich von M\u00fcnchen wohnen und das Bild selbst abholen wollen, kann auch gerne Bar bezahlt werden. <\/p>\n\n\n\n<p>DAUER:<\/p>\n\n\n\n<p>Da eventuell Wartezeiten aufgrund von anderen Auftr\u00e4gen anfallen k\u00f6nnen, kann ich die Dauer der Erstellung der Zeichnung nicht genau absch\u00e4tzen. F\u00fcr eine DinA4 Zeichnung brauche ich ca. 2 Wochen f\u00fcr das Erstellen der Zeichnung (ohne Besprechungszeit, Wartezeit und Versand). Unter Umst\u00e4nden kann dies auch schneller gehen oder l\u00e4nger dauern, je nach Menge meiner anderen Arbeit und je nach Schwierigkeit und Gr\u00f6\u00dfe der Zeichnung. Bunt dauert immer l\u00e4nger als Graphit.<\/p>\n\n\n\n<p><\/p>\n\n\n\n<p><\/p>\n\n\n\n<p><\/p>\n\n\n\n<p><\/p>\n\n\n\n<p><\/p>\n\n\n\n<p><\/p>\n\n\n\n<p><\/p>\n\n\n\n<p><\/p>\n","protected":false},"excerpt":{"rendered":"<p>Sie wollen einen handgezeichneten, individuellen Auftrag? &#8211; So l\u00e4ufts ab: Schritt 1 Wenn Sie schon eine genaue Fotovorlage im Kopf haben, schicken Sie mir die gerne. Wenn nicht, schicken Sie mir so viele wie Sie wollen, ich berate Sie gerne und helfe Ihnen bei der Entscheidung. Auf Wunsch kann ich gegen Bezahlung zu Ihnen nach [&hellip;]<\/p>\n","protected":false},"author":2,"featured_media":0,"parent":0,"menu_order":0,"comment_status":"closed","ping_status":"closed","template":"","meta":{"footnotes":""},"class_list":["post-322","page","type-page","status-publish","hentry"],"_links":{"self":[{"href":"https:\/\/emmssart.de\/index.php?rest_route=\/wp\/v2\/pages\/322","targetHints":{"allow":["GET"]}}],"collection":[{"href":"https:\/\/emmssart.de\/index.php?rest_route=\/wp\/v2\/pages"}],"about":[{"href":"https:\/\/emmssart.de\/index.php?rest_route=\/wp\/v2\/types\/page"}],"author":[{"embeddable":true,"href":"https:\/\/emmssart.de\/index.php?rest_route=\/wp\/v2\/users\/2"}],"replies":[{"embeddable":true,"href":"https:\/\/emmssart.de\/index.php?rest_route=%2Fwp%2Fv2%2Fcomments&post=322"}],"version-history":[{"count":19,"href":"https:\/\/emmssart.de\/index.php?rest_route=\/wp\/v2\/pages\/322\/revisions"}],"predecessor-version":[{"id":542,"href":"https:\/\/emmssart.de\/index.php?rest_route=\/wp\/v2\/pages\/322\/revisions\/542"}],"wp:attachment":[{"href":"https:\/\/emmssart.de\/index.php?rest_route=%2Fwp%2Fv2%2Fmedia&parent=322"}],"curies":[{"name":"wp","href":"https:\/\/api.w.org\/{rel}","templated":true}]}}